{"version":"1.0","provider_name":"Leger","provider_url":"https:\/\/leger360.com\/fr\/","author_name":"Jason Anthony","author_url":"https:\/\/leger360.com\/fr\/author\/jasonjasonanthonygroup-com\/","title":"La politique am\u00e9ricaine - 13 ao\u00fbt 2020","type":"rich","width":600,"height":338,"html":"<blockquote class=\"wp-embedded-content\" data-secret=\"K6wyyxGN8p\"><a href=\"https:\/\/leger360.com\/fr\/la-politique-americaine\/\">La politique am\u00e9ricaine &#8211; 13 ao\u00fbt 2020<\/a><\/blockquote><iframe sandbox=\"allow-scripts\" security=\"restricted\" src=\"https:\/\/leger360.com\/fr\/la-politique-americaine\/embed\/#?secret=K6wyyxGN8p\" width=\"600\" height=\"338\" title=\"&laquo; La politique am\u00e9ricaine &#8211; 13 ao\u00fbt 2020 &raquo; &#8212; Leger\" data-secret=\"K6wyyxGN8p\" frameborder=\"0\" marginwidth=\"0\" marginheight=\"0\" scrolling=\"no\" class=\"wp-embedded-content\"><\/iframe><script type=\"text\/javascript\">\n\/* <![CDATA[ *\/\n\/*! This file is auto-generated *\/\n!function(d,l){\"use strict\";l.querySelector&&d.addEventListener&&\"undefined\"!=typeof URL&&(d.wp=d.wp||{},d.wp.receiveEmbedMessage||(d.wp.receiveEmbedMessage=function(e){var t=e.data;if((t||t.secret||t.message||t.value)&&!\/[^a-zA-Z0-9]\/.test(t.secret)){for(var s,r,n,a=l.querySelectorAll('iframe[data-secret=\"'+t.secret+'\"]'),o=l.querySelectorAll('blockquote[data-secret=\"'+t.secret+'\"]'),c=new RegExp(\"^https?:$\",\"i\"),i=0;i<o.length;i++)o[i].style.display=\"none\";for(i=0;i<a.length;i++)s=a[i],e.source===s.contentWindow&&(s.removeAttribute(\"style\"),\"height\"===t.message?(1e3<(r=parseInt(t.value,10))?r=1e3:~~r<200&&(r=200),s.height=r):\"link\"===t.message&&(r=new URL(s.getAttribute(\"src\")),n=new URL(t.value),c.test(n.protocol))&&n.host===r.host&&l.activeElement===s&&(d.top.location.href=t.value))}},d.addEventListener(\"message\",d.wp.receiveEmbedMessage,!1),l.addEventListener(\"DOMContentLoaded\",function(){for(var e,t,s=l.querySelectorAll(\"iframe.wp-embedded-content\"),r=0;r<s.length;r++)(t=(e=s[r]).getAttribute(\"data-secret\"))||(t=Math.random().toString(36).substring(2,12),e.src+=\"#?secret=\"+t,e.setAttribute(\"data-secret\",t)),e.contentWindow.postMessage({message:\"ready\",secret:t},\"*\")},!1)))}(window,document);\n\/\/# sourceURL=https:\/\/leger360.com\/wp-includes\/js\/wp-embed.min.js\n\/* ]]> *\/\n<\/script>\n","thumbnail_url":"https:\/\/leger360.com\/wp-content\/uploads\/2024\/02\/shutterstock_572898169.jpg","thumbnail_width":1000,"thumbnail_height":563,"description":"Au d\u00e9but du mois d&rsquo;ao\u00fbt, L\u00e9ger a men\u00e9 une enqu\u00eate aupr\u00e8s des Am\u00e9ricains sur leurs intentions de vote pour la prochaine \u00e9lection pr\u00e9sidentielle. Le sondage explore \u00e9galement les perceptions des Am\u00e9ricains envers le Canada. M\u00c9THODOLOGIE Ce sondage web a \u00e9t\u00e9 r\u00e9alis\u00e9 par L\u00e9ger, la plus importante firme de sondage et recherche marketing \u00e0 propri\u00e9t\u00e9 canadienne, [&hellip;]"}

La politique américaine - 13 août 2020

<blockquote class="wp-embedded-content" data-secret="K6wyyxGN8p"><a href="https://leger360.com/fr/la-politique-americaine/">La politique américaine &#8211; 13 août 2020</a></blockquote><iframe sandbox="allow-scripts" security="restricted" src="https://leger360.com/fr/la-politique-americaine/embed/#?secret=K6wyyxGN8p" width="600" height="338" title="&laquo; La politique américaine &#8211; 13 août 2020 &raquo; &#8212; Leger" data-secret="K6wyyxGN8p" frameborder="0" marginwidth="0" marginheight="0" scrolling="no" class="wp-embedded-content"></iframe><script type="text/javascript">
/* <![CDATA[ */
/*! This file is auto-generated */
!function(d,l){"use strict";l.querySelector&&d.addEventListener&&"undefined"!=typeof URL&&(d.wp=d.wp||{},d.wp.receiveEmbedMessage||(d.wp.receiveEmbedMessage=function(e){var t=e.data;if((t||t.secret||t.message||t.value)&&!/[^a-zA-Z0-9]/.test(t.secret)){for(var s,r,n,a=l.querySelectorAll('iframe[data-secret="'+t.secret+'"]'),o=l.querySelectorAll('blockquote[data-secret="'+t.secret+'"]'),c=new RegExp("^https?:$","i"),i=0;i<o.length;i++)o[i].style.display="none";for(i=0;i<a.length;i++)s=a[i],e.source===s.contentWindow&&(s.removeAttribute("style"),"height"===t.message?(1e3<(r=parseInt(t.value,10))?r=1e3:~~r<200&&(r=200),s.height=r):"link"===t.message&&(r=new URL(s.getAttribute("src")),n=new URL(t.value),c.test(n.protocol))&&n.host===r.host&&l.activeElement===s&&(d.top.location.href=t.value))}},d.addEventListener("message",d.wp.receiveEmbedMessage,!1),l.addEventListener("DOMContentLoaded",function(){for(var e,t,s=l.querySelectorAll("iframe.wp-embedded-content"),r=0;r<s.length;r++)(t=(e=s[r]).getAttribute("data-secret"))||(t=Math.random().toString(36).substring(2,12),e.src+="#?secret="+t,e.setAttribute("data-secret",t)),e.contentWindow.postMessage({message:"ready",secret:t},"*")},!1)))}(window,document);
//# sourceURL=https://leger360.com/wp-includes/js/wp-embed.min.js
/* ]]> */
</script>

Au début du mois d&rsquo;août, Léger a mené une enquête auprès des Américains sur leurs intentions de vote pour la prochaine élection présidentielle. Le sondage explore également les perceptions des Américains envers le Canada. MÉTHODOLOGIE Ce sondage web a été réalisé par Léger, la plus importante firme de sondage et recherche marketing à propriété canadienne, [&hellip;]
