{"version":"1.0","provider_name":"Leger","provider_url":"https:\/\/leger360.com\/fr\/","author_name":"Jason Anthony","author_url":"https:\/\/leger360.com\/fr\/author\/jasonjasonanthonygroup-com\/","title":"La politique au Qu\u00e9bec - 2 f\u00e9vrier 2019","type":"rich","width":600,"height":338,"html":"<blockquote class=\"wp-embedded-content\" data-secret=\"xSZ9LR5AEI\"><a href=\"https:\/\/leger360.com\/fr\/la-politique-au-quebec-2-fevrier-2019\/\">La politique au Qu\u00e9bec &#8211; 2 f\u00e9vrier 2019<\/a><\/blockquote><iframe sandbox=\"allow-scripts\" security=\"restricted\" src=\"https:\/\/leger360.com\/fr\/la-politique-au-quebec-2-fevrier-2019\/embed\/#?secret=xSZ9LR5AEI\" width=\"600\" height=\"338\" title=\"&laquo; La politique au Qu\u00e9bec &#8211; 2 f\u00e9vrier 2019 &raquo; &#8212; Leger\" data-secret=\"xSZ9LR5AEI\" frameborder=\"0\" marginwidth=\"0\" marginheight=\"0\" scrolling=\"no\" class=\"wp-embedded-content\"><\/iframe><script>\n\/*! This file is auto-generated *\/\n!function(d,l){\"use strict\";l.querySelector&&d.addEventListener&&\"undefined\"!=typeof URL&&(d.wp=d.wp||{},d.wp.receiveEmbedMessage||(d.wp.receiveEmbedMessage=function(e){var t=e.data;if((t||t.secret||t.message||t.value)&&!\/[^a-zA-Z0-9]\/.test(t.secret)){for(var s,r,n,a=l.querySelectorAll('iframe[data-secret=\"'+t.secret+'\"]'),o=l.querySelectorAll('blockquote[data-secret=\"'+t.secret+'\"]'),c=new RegExp(\"^https?:$\",\"i\"),i=0;i<o.length;i++)o[i].style.display=\"none\";for(i=0;i<a.length;i++)s=a[i],e.source===s.contentWindow&&(s.removeAttribute(\"style\"),\"height\"===t.message?(1e3<(r=parseInt(t.value,10))?r=1e3:~~r<200&&(r=200),s.height=r):\"link\"===t.message&&(r=new URL(s.getAttribute(\"src\")),n=new URL(t.value),c.test(n.protocol))&&n.host===r.host&&l.activeElement===s&&(d.top.location.href=t.value))}},d.addEventListener(\"message\",d.wp.receiveEmbedMessage,!1),l.addEventListener(\"DOMContentLoaded\",function(){for(var e,t,s=l.querySelectorAll(\"iframe.wp-embedded-content\"),r=0;r<s.length;r++)(t=(e=s[r]).getAttribute(\"data-secret\"))||(t=Math.random().toString(36).substring(2,12),e.src+=\"#?secret=\"+t,e.setAttribute(\"data-secret\",t)),e.contentWindow.postMessage({message:\"ready\",secret:t},\"*\")},!1)))}(window,document);\n\/\/# sourceURL=https:\/\/leger360.com\/wp-includes\/js\/wp-embed.min.js\n<\/script>\n","thumbnail_url":"https:\/\/leger360.com\/wp-content\/uploads\/2024\/02\/shutterstock_336271163.jpg","thumbnail_width":1000,"thumbnail_height":926,"description":"Sondage Web, \u00e0 l\u2019aide de la technologie d\u2019interview Web assist\u00e9e par ordinateur (CAWI). R\u00e9alis\u00e9 du 25 au 28 janvier 2019. 1 007 Qu\u00e9b\u00e9cois, \u00e2g\u00e9(e)s de 18 ou plus et ayant le droit de vote au Canada, recrut\u00e9s al\u00e9atoirement \u00e0 partir du panel en ligne de LegerWeb. \u00c0 l\u2019aide des donn\u00e9es du recensement de 2016, les [&hellip;]"}

La politique au Québec - 2 février 2019

<blockquote class="wp-embedded-content" data-secret="xSZ9LR5AEI"><a href="https://leger360.com/fr/la-politique-au-quebec-2-fevrier-2019/">La politique au Québec &#8211; 2 février 2019</a></blockquote><iframe sandbox="allow-scripts" security="restricted" src="https://leger360.com/fr/la-politique-au-quebec-2-fevrier-2019/embed/#?secret=xSZ9LR5AEI" width="600" height="338" title="&laquo; La politique au Québec &#8211; 2 février 2019 &raquo; &#8212; Leger" data-secret="xSZ9LR5AEI" frameborder="0" marginwidth="0" marginheight="0" scrolling="no" class="wp-embedded-content"></iframe><script>
/*! This file is auto-generated */
!function(d,l){"use strict";l.querySelector&&d.addEventListener&&"undefined"!=typeof URL&&(d.wp=d.wp||{},d.wp.receiveEmbedMessage||(d.wp.receiveEmbedMessage=function(e){var t=e.data;if((t||t.secret||t.message||t.value)&&!/[^a-zA-Z0-9]/.test(t.secret)){for(var s,r,n,a=l.querySelectorAll('iframe[data-secret="'+t.secret+'"]'),o=l.querySelectorAll('blockquote[data-secret="'+t.secret+'"]'),c=new RegExp("^https?:$","i"),i=0;i<o.length;i++)o[i].style.display="none";for(i=0;i<a.length;i++)s=a[i],e.source===s.contentWindow&&(s.removeAttribute("style"),"height"===t.message?(1e3<(r=parseInt(t.value,10))?r=1e3:~~r<200&&(r=200),s.height=r):"link"===t.message&&(r=new URL(s.getAttribute("src")),n=new URL(t.value),c.test(n.protocol))&&n.host===r.host&&l.activeElement===s&&(d.top.location.href=t.value))}},d.addEventListener("message",d.wp.receiveEmbedMessage,!1),l.addEventListener("DOMContentLoaded",function(){for(var e,t,s=l.querySelectorAll("iframe.wp-embedded-content"),r=0;r<s.length;r++)(t=(e=s[r]).getAttribute("data-secret"))||(t=Math.random().toString(36).substring(2,12),e.src+="#?secret="+t,e.setAttribute("data-secret",t)),e.contentWindow.postMessage({message:"ready",secret:t},"*")},!1)))}(window,document);
//# sourceURL=https://leger360.com/wp-includes/js/wp-embed.min.js
</script>

Sondage Web, à l’aide de la technologie d’interview Web assistée par ordinateur (CAWI). Réalisé du 25 au 28 janvier 2019. 1 007 Québécois, âgé(e)s de 18 ou plus et ayant le droit de vote au Canada, recrutés aléatoirement à partir du panel en ligne de LegerWeb. À l’aide des données du recensement de 2016, les [&hellip;]
